et w be m(i). Give u(w).
4
Suppose -3*q - 2*a = -4*a + 9, -4*a = -5*q - 17. Let i be (q/1)/(6/(-18)). Let g(x) = 4*x**2 + x - x + 1 - 2*x - x**i. What is g(4)?
-7
Let u(y) = y**3 - 4*y**2 - 2*y + 4. Suppose -5*c + 26 = x, 2*x - 7 = -2*c + 5*x. Let r be 19/c + 5/25. What is u(r)?
-4
Suppose 0 = -5*l - 8*l - l. Let v(s) = 5*s**3 + 5*s**2 + 11*s + 18. Let a(c) = 3*c**3 + 3*c**2 + 7*c + 12. Let p(r) = -8*a(r) + 5*v(r). Calculate p(l).
-6
Let n = -16 + 16. Let t(o) = o**2 + o - 1. Let k be t(n). Let i(f) be the third derivative of -f**5/20 + f**4/12 + f**3/6 - 2*f**2. Determine i(k).
-4
Let o = -6 + 6. Let s(q) be the second derivative of -q**4/12 + q**3/6 - 5*q**2/2 - 2*q - 14. Determine s(o).
-5
Suppose -4*u - 2*i = i - 4, 2*u = 5*i - 24. Let h(v) be the first derivative of 2 + v**2 - 1/4*v**4 + 2*v + 0*v**3. What is h(u)?
6
Let g(s) = 7*s + 10. Let o(p) be the second derivative of -5*p**3/3 - 15*p**2/2 - 3*p. Let u(z) = 7*g(z) + 5*o(z). Calculate u(-4).
-1
Suppose -5*b + 3*f = 140, 6*f - 3*f = -5*b - 140. Let l = 17 + b. Let a(n) = -3*n. Let z(x) = -x. Let k(q) = l*z(q) + 4*a(q). Calculate k(0).
0
Let m(i) = i**3 - 3*i**2 - 6*i + 4. Let l(v) be the second derivative of -v**3/6 + 7*v**2/2 + 3*v. Let x be l(3). What is m(x)?
-4
Suppose -5*m - 3*m = -48. Let y(r) = 2*r - 13. Let s(f) = -2*f + 12. Let w(b) = 6*s(b) + 5*y(b). What is w(m)?
-5
Let w(v) = v**3 + 3*v**2 + 2*v**2 - 5*v**2 + v - v**2. Let d(n) = n**3 - 9*n**2 - 4*n + 2. Let s(m) = -d(m) + 2*w(m). Let y = 10 - 16. Calculate s(y).
-2
Suppose -4*c + 6 = 2. Let d(j) = j**2 + 44 - 44. Calculate d(c).
1
Let d(j) be the second derivative of -j**3/2 + j**2/2 + 4*j. Let x be ((-2)/(-4))/(2/(-12)). Calculate d(x).
10
Let f(h) = -h**3 + 6*h**2 - 4*h + 4. Suppose -2*b = -3*n - 17, 23 = b + 3*b + 5*n. Let d be (11/33)/((-2)/12). Let s = b + d. Determine f(s).
9
Suppose -4*h = -2*k - 18, -k = 4*h - 2*h - 3. Let a(s) = 7*s**2 - 17*s + 7. Let f(b) = -10*b**2 + 25*b - 10. Let j(m) = 7*a(m) + 5*f(m). Give j(h).
8
Let s = 17 + -44. Let h be 6/s - (-32)/(-18). Let f(z) = -4*z**3 - 2*z**2 + 2*z**3 + z**3. Determine f(h).
0
Let x(z) = -6*z + 5. Let d(f) = 7*f - 6. Let t(y) = 2*d(y) + 3*x(y). What is t(3)?
-9
Let w = 9 + -9. Let q(n) = 2 + w - 2*n**2 - 28*n + 32*n. Determine q(4).
-14
Let d(t) = -3*t + 3*t - 5 + t + 2. Determine d(9).
6
Let t(s) = 3*s + s - 2*s + 0*s. Let n be t(1). Suppose -o = n*o - 15. Let a(w) = w**3 - 5*w**2 - 1. Determine a(o).
-1
Let j = -15 + 10. Let v(o) = -o**2 - 3*o + 7. Determine v(j).
-3
Let i(r) = 7*r - 1. Let u = 38 - 37. Calculate i(u).
6
Let g(a) be the first derivative of 5/2*a**2 - 5*a + 1/3*a**3 - 1. What is g(-6)?
1
Let m(f) be the second derivative of -f**6/120 + f**5/12 - f**4/8 + f**3/6 - f**2/2 - 2*f. Let t(x) be the first derivative of m(x). Calculate t(4).
5
Let x = 17 - 12. Let n(q) = -q - 3. Give n(x).
-8
Let q(a) = a - 1. Let y(i) = -i + 13. Let h(t) = -t**3 + t + 4. Let p be h(-2). Let o be y(p). Give q(o).
2
Suppose 0 = -k - 0*k + 5. Let z(l) = l**2 - 7*l + 8. Determine z(k).
-2
Let s(y) = 4*y**2 - 3*y + 5. Let x(c) be the first derivative of -1/2*c**2 - 2 + 2*c + 2/3*c**3. Let h(w) = -3*s(w) + 7*x(w). Calculate h(1).
3
Let m(c) = 5 - 28*c + 31*c - c**2 - 1. Let d(h) = h + 1. Let g be d(-2). Let l be g + (-4)/(-1 - 0). Determine m(l).
4
Let m(a) be the second derivative of -a**5/20 + 5*a**4/12 + 7*a**3/6 - a**2 - 7*a. What is m(6)?
4
Suppose -2*l + 21 = -g, 6*l - 4*g = 3*l + 39. Let y(j) = j**3 - 10*j**2 + 9*j - 9. Give y(l).
-9
Let q(k) be the first derivative of -k**4/4 - k**3 + k**2/2 - k + 4. Give q(-3).
-4
Let k(x) = -2*x**2 - 1 - 3*x**2 - 3*x**2. Suppose -3*o - 12 = 3*n, 0 = 5*o + 3*n - 2*n. Let l = o + 0. Determine k(l).
-9
Let z(l) = -l**2 + 7*l + 8. Let x be z(8). Let v(g) be the second derivative of -2*g**2 - g + x - 1/12*g**4 - 7/6*g**3. What is v(-4)?
8
Suppose -y + 0*z - 1 = 2*z, -2*y + 2*z - 14 = 0. Let u(o) = o**2 + 4*o - 2. Let s be u(y). Let d(j) = -6*j + 3 + s*j + j**2 - 2. What is d(2)?
-1
Let k = -18 + 20. Let u(r) = 3*r + 2. Determine u(k).
8
Let i(t) = 2*t**2 + 2*t - 2. Let a be ((-8)/(-4) - -1) + -7. Let z be (a/4)/((-4)/(-8)). Calculate i(z).
2
Let v = -4 + 7. Let s(a) = 0*a**2 + 3 + 5*a - a**2 + 6*a**2 + a**v + 1. Determine s(-3).
7
Let r(x) = 5*x**2 - 2*x - 1. Let q be r(-1). Let y be q/(-2 + 1/2). Let c(n) = n - 1. Let l(s) = s + 1. Let b(f) = c(f) - 3*l(f). Determine b(y).
4
Let n(f) = f**2 - 19*f + 17. Let x be n(18). Let y(q) be the second derivative of q**3 - q**2/2 + q. Determine y(x).
-7
Let d(p) = -11*p - 11. Let i(u) = -4*u - 4. Let r(z) = -3*d(z) + 8*i(z). What is r(3)?
4
Let v(z) = -2*z - z**3 + 3*z + z**2 - 3*z**2. Let c be 10/6 - (-12)/(-18). Determine v(c).
-2
Suppose -2*o + 16 = 2*o. Let p(y) = o*y - y - 7 - 2*y. Determine p(4).
-3
Let l(x) = -3*x + 3. Let o(m) = -m. Let c(u) = l(u) - 2*o(u). Let d(t) = -t**3 + 9*t**2 - 9*t + 11. Let a be d(8). What is c(a)?
0
Let h(m) be the first derivative of m**4/4 + 5*m**3/3 + m**2 + 4*m + 6. Determine h(-5).
-6
Let s = -127 - -129. Let p(n) be the first derivative of -1/2*n**4 + 2 + n + 2/3*n**3 + n**s. Determine p(-1).
3
Let y(h) = 10*h**3 - h**2 - h. Let l(t) = t - 11. Let w be l(10). Determine y(w).
-10
Let u(l) = -1. Let w(h) = -h + 5. Let v(s) = 3*u(s) + w(s). What is v(-6)?
8
Let n(s) be the second derivative of -s**6/720 + s**5/60 - s**4/12 - 3*s. Let d(t) be the third derivative of n(t). Give d(-4).
6
Suppose -2*n = -5*n + 3. Let z = n - 5. Let p(f) = 12*f + 15. Let q(k) = 8*k + 10. Let u(a) = 5*p(a) - 8*q(a). Give u(z).
11
Suppose 0 = 3*m - 1 - 11. Let v = m + -2. Let f(i) be the third derivative of i**4/8 + i**3/3 - i**2. Calculate f(v).
8
Let t(j) be the first derivative of j**4/4 - 2*j**3/3 + 3*j**2/2 - 2*j + 64. What is t(2)?
4
Let u(y) be the first derivative of y**3/3 - 5*y**2/2 + 2*y - 18. Give u(3).
-4
Suppose -3*v - 4*s = -2, -5*v + s + 8 = -3. Let c(d) = d**2 - 1. Determine c(v).
3
Let c(i) = -i**3 - 22*i**2 - 20*i + 17. Let y be c(-21). Let x(a) = a**3 + 3*a**2 - 4*a - 1. What is x(y)?
-1
Let u(s) be the second derivative of s**3/6 - s**2/2 + 2*s. Suppose 20 = -4*x + f, -3*f + 8 = -f. Calculate u(x).
-5
Let c(s) = s**3 + 5*s**2 + 4. Suppose a = g + 4*a + 20, 3*g - 2*a = -5. What is c(g)?
4
Let t(p) = -p**3 - 5*p**2 - 3*p - 1. Suppose -3*v = 3 + 6. Give t(v).
-10
Let f be (-5)/5 + 2 - (-6)/(-1). Let t(m) = m**3 + 5*m**2 + m - 1. Calculate t(f).
-6
Let n(i) = 4*i - 3*i**2 + 3*i**2 - 1 - i + i**2. Let d be n(-3). Let t(z) = 6*z**3 + z. Give t(d).
-7
Let x = -3 - -1. Let d(h) be the second derivative of -h**3 - 3*h**2/2 - 5*h. What is d(x)?
9
Let a(k) = -k**2 + 2*k - 1. Let t be 1*3 - (-4)/(-4). Let n(q) = -5 - q**2 + 0*q**2 + 2 + 4*q. Let s be n(t). What is a(s)?
0
Let l(c) = 5*c**2 + 0 - 6*c - 4*c**2 + 0 + 2. Calculate l(5).
-3
Let s be (-1 - (-2)/2)/2. Let v = s - 1. Let o be 1*v*(-4 + 4). Let b(k) = -k**3 + k**2 + k - 8. Give b(o).
-8
Let h(m) = 5*m**2 - 3*m + 3. Let l(k) = 6*k**2 - 2*k + 3. Let j(w) = 5*h(w) - 4*l(w). Suppose -5*c = -5*v + 25, 9*c = -v + 5*c + 5. Give j(v).
-7
Let i(p) = -p - 2. Suppose -15*c + 17*c + 18 = 0. Give i(c).
7
Let z(a) = 1 - 3*a**3 + 9*a**2 + 2*a**3 - 2 - 3. Let v be z(9). Let y(x) = -x**2 - 4*x - 2. Give y(v).
-2
Let r(z) = 7*z - 5*z - 3*z + z**3 - 1 + 0. What is r(2)?
5
Let j(h) be the first derivative of -h**3/3 - 3*h**2/2 - 14. Give j(-5).
-10
Let f be (-3 - -1) + -3 + 7. Let d(x) = -x**2 - x + 2. What is d(f)?
-4
Let z(y) = -y**2 - 2*y. Let r be -7 + 5/1 + -2. Give z(r).
-8
Let h be (-3)/(-1) + -8 - -2. Let v(l) be the first derivative of -l**3/3 - 5*l**2/2 - 4*l + 1. Determine v(h).
2
Let r(c) be the third derivative of c**5/60 + c**4/6 - 5*c**3/6 + 15*c**2. Let v be -1 + 2 + (-10)/2. Give r(v).
-5
Let y be ((-4)/(-5))/((-2)/(-5)). Suppose -3*z = y*n - 5*n, z - 16 = -3*n. Let f(v) = 3*v - z*v + 2*v + 3. Give f(0).
3
Let q(g) = -17*g**2 - g + 1. Let r(v) = v**2 - 6*v + 1. Let y be r(6). What is q(y)?
-17
Let w be -3 + 4/((-16)/(-28)). Let j(d) = d. What is j(w)?
4
Let b(j) be the first derivative of 6*j**2 + j + 37. Calculate b(1).
13
Let p(m) = -m**3 + 11*m**2 - 10*m - 4. Let r(q) = q**2 - q - 1. Let y(b) = -p(b) + 6*r(b). What is y(4)?
-2
Let g be 1 + 2 + 1 - -2. Let q be g/(-8) + (-70)/(-8). Suppose -11 = 4*s + 5*k, -s - 